{"id":58,"date":"2021-08-15T07:59:24","date_gmt":"2021-08-15T04:59:24","guid":{"rendered":"https:\/\/clubfinngulf.wordpress.com\/?page_id=58"},"modified":"2021-08-18T03:53:37","modified_gmt":"2021-08-18T03:53:37","slug":"finngulf-models","status":"publish","type":"page","link":"https:\/\/www.clubfinngulf.fi\/club\/finngulf-models\/","title":{"rendered":"Finngulf models"},"content":{"rendered":"\n<div class=\"wp-block-media-text alignwide is-stacked-on-mobile\" style=\"grid-template-columns:27% auto\"><figure class=\"wp-block-media-text__media\"><a href=\"https:\/\/www.clubfinngulf.fi\/club\/finngulf-models\/fg-28\/\"><img loading=\"lazy\" decoding=\"async\" width=\"980\" height=\"250\" src=\"https:\/\/www.clubfinngulf.fi\/club\/wp-content\/uploads\/2021\/08\/model_FG28.jpg\" alt=\"\" class=\"wp-image-229 size-full\" srcset=\"https:\/\/www.clubfinngulf.fi\/club\/wp-content\/uploads\/2021\/08\/model_FG28.jpg 980w, https:\/\/www.clubfinngulf.fi\/club\/wp-content\/uploads\/2021\/08\/model_FG28-300x77.jpg 300w, https:\/\/www.clubfinngulf.fi\/club\/wp-content\/uploads\/2021\/08\/model_FG28-768x196.jpg 768w\" sizes=\"auto, (max-width: 980px) 100vw, 980px\" \/><\/a><\/figure><div class=\"wp-block-media-text__content\">\n<p class=\"has-large-font-size\"><a href=\"https:\/\/www.clubfinngulf.fi\/club\/finngulf-models\/fg-28\/\" data-type=\"page\" data-id=\"109\"><strong>FG 28e<\/strong><br>(1998-2005)<\/a><\/p>\n<\/div><\/div>\n\n\n\n<div class=\"wp-block-media-text alignwide is-stacked-on-mobile\" style=\"grid-template-columns:27% auto\"><figure class=\"wp-block-media-text__media\"><a href=\"https:\/\/www.clubfinngulf.fi\/club\/finngulf-models\/fg-33-hs\/\"><img loading=\"lazy\" decoding=\"async\" width=\"980\" height=\"250\" src=\"https:\/\/www.clubfinngulf.fi\/club\/wp-content\/uploads\/2021\/08\/placeholder.jpg\" alt=\"\" class=\"wp-image-230 size-full\" srcset=\"https:\/\/www.clubfinngulf.fi\/club\/wp-content\/uploads\/2021\/08\/placeholder.jpg 980w, https:\/\/www.clubfinngulf.fi\/club\/wp-content\/uploads\/2021\/08\/placeholder-300x77.jpg 300w, https:\/\/www.clubfinngulf.fi\/club\/wp-content\/uploads\/2021\/08\/placeholder-768x196.jpg 768w\" sizes=\"auto, (max-width: 980px) 100vw, 980px\" \/><\/a><\/figure><div class=\"wp-block-media-text__content\">\n<p class=\"has-large-font-size\"><a href=\"https:\/\/www.clubfinngulf.fi\/club\/finngulf-models\/fg-33-hs\/\" data-type=\"page\" data-id=\"111\"><strong>FG 33 HS<\/strong><br>(1983-1990)<\/a><\/p>\n<\/div><\/div>\n\n\n\n<div class=\"wp-block-media-text alignwide is-stacked-on-mobile\" style=\"grid-template-columns:27% auto\"><figure class=\"wp-block-media-text__media\"><a href=\"https:\/\/www.clubfinngulf.fi\/club\/finngulf-models\/fg-331\/\"><img loading=\"lazy\" decoding=\"async\" width=\"980\" height=\"250\" src=\"https:\/\/www.clubfinngulf.fi\/club\/wp-content\/uploads\/2021\/08\/model_FG331.jpg\" alt=\"\" class=\"wp-image-231 size-full\" srcset=\"https:\/\/www.clubfinngulf.fi\/club\/wp-content\/uploads\/2021\/08\/model_FG331.jpg 980w, https:\/\/www.clubfinngulf.fi\/club\/wp-content\/uploads\/2021\/08\/model_FG331-300x77.jpg 300w, https:\/\/www.clubfinngulf.fi\/club\/wp-content\/uploads\/2021\/08\/model_FG331-768x196.jpg 768w\" sizes=\"auto, (max-width: 980px) 100vw, 980px\" \/><\/a><\/figure><div class=\"wp-block-media-text__content\">\n<p class=\"has-large-font-size\"><a href=\"https:\/\/www.clubfinngulf.fi\/club\/finngulf-models\/fg-331\/\" data-type=\"page\" data-id=\"69\"><strong>FG 33\/331<br><\/strong>(2004-2011)<\/a><\/p>\n<\/div><\/div>\n\n\n\n<div class=\"wp-block-media-text alignwide is-stacked-on-mobile\" style=\"grid-template-columns:27% auto\"><figure class=\"wp-block-media-text__media\"><a href=\"https:\/\/www.clubfinngulf.fi\/club\/finngulf-models\/fg-335-hs\/\"><img loading=\"lazy\" decoding=\"async\" width=\"980\" height=\"250\" src=\"https:\/\/www.clubfinngulf.fi\/club\/wp-content\/uploads\/2021\/08\/model_FG335HS.jpg\" alt=\"\" class=\"wp-image-232 size-full\" srcset=\"https:\/\/www.clubfinngulf.fi\/club\/wp-content\/uploads\/2021\/08\/model_FG335HS.jpg 980w, https:\/\/www.clubfinngulf.fi\/club\/wp-content\/uploads\/2021\/08\/model_FG335HS-300x77.jpg 300w, https:\/\/www.clubfinngulf.fi\/club\/wp-content\/uploads\/2021\/08\/model_FG335HS-768x196.jpg 768w\" sizes=\"auto, (max-width: 980px) 100vw, 980px\" \/><\/a><\/figure><div class=\"wp-block-media-text__content\">\n<p class=\"has-large-font-size\"><a href=\"https:\/\/www.clubfinngulf.fi\/club\/finngulf-models\/fg-335-hs\/\" data-type=\"page\" data-id=\"113\"><strong>FG 335 HS<\/strong><br>(1995-1999)<\/a><\/p>\n<\/div><\/div>\n\n\n\n<div class=\"wp-block-media-text alignwide is-stacked-on-mobile\" style=\"grid-template-columns:27% auto\"><figure class=\"wp-block-media-text__media\"><a href=\"https:\/\/www.clubfinngulf.fi\/club\/finngulf-models\/fg-34\/\"><img loading=\"lazy\" decoding=\"async\" width=\"980\" height=\"250\" src=\"https:\/\/www.clubfinngulf.fi\/club\/wp-content\/uploads\/2021\/08\/model_FG34.png\" alt=\"\" class=\"wp-image-251 size-full\" srcset=\"https:\/\/www.clubfinngulf.fi\/club\/wp-content\/uploads\/2021\/08\/model_FG34.png 980w, https:\/\/www.clubfinngulf.fi\/club\/wp-content\/uploads\/2021\/08\/model_FG34-300x77.png 300w, https:\/\/www.clubfinngulf.fi\/club\/wp-content\/uploads\/2021\/08\/model_FG34-768x196.png 768w\" sizes=\"auto, (max-width: 980px) 100vw, 980px\" \/><\/a><\/figure><div class=\"wp-block-media-text__content\">\n<p class=\"has-large-font-size\"><a href=\"https:\/\/www.clubfinngulf.fi\/club\/finngulf-models\/fg-34\/\" data-type=\"page\" data-id=\"118\"><strong>FG 34 HS<\/strong><br>(1980-1984)<\/a><\/p>\n<\/div><\/div>\n\n\n\n<div class=\"wp-block-media-text alignwide is-stacked-on-mobile\" style=\"grid-template-columns:27% auto\"><figure class=\"wp-block-media-text__media\"><a href=\"https:\/\/www.clubfinngulf.fi\/club\/finngulf-models\/fg-36\/\"><img loading=\"lazy\" decoding=\"async\" width=\"980\" height=\"250\" src=\"https:\/\/www.clubfinngulf.fi\/club\/wp-content\/uploads\/2021\/08\/model_FG36.jpg\" alt=\"\" class=\"wp-image-234 size-full\" srcset=\"https:\/\/www.clubfinngulf.fi\/club\/wp-content\/uploads\/2021\/08\/model_FG36.jpg 980w, https:\/\/www.clubfinngulf.fi\/club\/wp-content\/uploads\/2021\/08\/model_FG36-300x77.jpg 300w, https:\/\/www.clubfinngulf.fi\/club\/wp-content\/uploads\/2021\/08\/model_FG36-768x196.jpg 768w\" sizes=\"auto, (max-width: 980px) 100vw, 980px\" \/><\/a><\/figure><div class=\"wp-block-media-text__content\">\n<p class=\"has-large-font-size\"><a href=\"https:\/\/www.clubfinngulf.fi\/club\/finngulf-models\/fg-36\/\" data-type=\"page\" data-id=\"121\"><strong>FG 36<\/strong><br>(1986-2004)<\/a><\/p>\n<\/div><\/div>\n\n\n\n<div class=\"wp-block-media-text alignwide is-stacked-on-mobile\" style=\"grid-template-columns:27% auto\"><figure class=\"wp-block-media-text__media\"><a href=\"https:\/\/www.clubfinngulf.fi\/club\/finngulf-models\/fg-37-38-hs\/\"><img loading=\"lazy\" decoding=\"async\" width=\"980\" height=\"250\" src=\"https:\/\/www.clubfinngulf.fi\/club\/wp-content\/uploads\/2021\/08\/placeholder.jpg\" alt=\"\" class=\"wp-image-230 size-full\" srcset=\"https:\/\/www.clubfinngulf.fi\/club\/wp-content\/uploads\/2021\/08\/placeholder.jpg 980w, https:\/\/www.clubfinngulf.fi\/club\/wp-content\/uploads\/2021\/08\/placeholder-300x77.jpg 300w, https:\/\/www.clubfinngulf.fi\/club\/wp-content\/uploads\/2021\/08\/placeholder-768x196.jpg 768w\" sizes=\"auto, (max-width: 980px) 100vw, 980px\" \/><\/a><\/figure><div class=\"wp-block-media-text__content\">\n<p class=\"has-large-font-size\"><a href=\"https:\/\/www.clubfinngulf.fi\/club\/finngulf-models\/fg-37-38-hs\/\" data-type=\"page\" data-id=\"125\"><strong>FG 37\/38 HS<\/strong><br>(1987-1995)<\/a><\/p>\n<\/div><\/div>\n\n\n\n<div class=\"wp-block-media-text alignwide is-stacked-on-mobile\" style=\"grid-template-columns:27% auto\"><figure class=\"wp-block-media-text__media\"><a href=\"https:\/\/www.clubfinngulf.fi\/club\/finngulf-models\/fg-37\/\"><img loading=\"lazy\" decoding=\"async\" width=\"980\" height=\"250\" src=\"https:\/\/www.clubfinngulf.fi\/club\/wp-content\/uploads\/2021\/08\/model_FG37-1.jpg\" alt=\"\" class=\"wp-image-236 size-full\" srcset=\"https:\/\/www.clubfinngulf.fi\/club\/wp-content\/uploads\/2021\/08\/model_FG37-1.jpg 980w, https:\/\/www.clubfinngulf.fi\/club\/wp-content\/uploads\/2021\/08\/model_FG37-1-300x77.jpg 300w, https:\/\/www.clubfinngulf.fi\/club\/wp-content\/uploads\/2021\/08\/model_FG37-1-768x196.jpg 768w\" sizes=\"auto, (max-width: 980px) 100vw, 980px\" \/><\/a><\/figure><div class=\"wp-block-media-text__content\">\n<p class=\"has-large-font-size\"><a href=\"https:\/\/www.clubfinngulf.fi\/club\/finngulf-models\/fg-37\/\" data-type=\"page\" data-id=\"130\"><strong>FG 37<\/strong><br>(2004-2011)<\/a><\/p>\n<\/div><\/div>\n\n\n\n<div class=\"wp-block-media-text alignwide is-stacked-on-mobile\" style=\"grid-template-columns:27% auto\"><figure class=\"wp-block-media-text__media\"><a href=\"https:\/\/www.clubfinngulf.fi\/club\/finngulf-models\/fg-39-391\/\"><img loading=\"lazy\" decoding=\"async\" width=\"980\" height=\"250\" src=\"https:\/\/www.clubfinngulf.fi\/club\/wp-content\/uploads\/2021\/08\/model_FG391.jpeg\" alt=\"\" class=\"wp-image-237 size-full\" srcset=\"https:\/\/www.clubfinngulf.fi\/club\/wp-content\/uploads\/2021\/08\/model_FG391.jpeg 980w, https:\/\/www.clubfinngulf.fi\/club\/wp-content\/uploads\/2021\/08\/model_FG391-300x77.jpeg 300w, https:\/\/www.clubfinngulf.fi\/club\/wp-content\/uploads\/2021\/08\/model_FG391-768x196.jpeg 768w\" sizes=\"auto, (max-width: 980px) 100vw, 980px\" \/><\/a><\/figure><div class=\"wp-block-media-text__content\">\n<p class=\"has-large-font-size\"><a href=\"https:\/\/www.clubfinngulf.fi\/club\/finngulf-models\/fg-39-391\/\" data-type=\"page\" data-id=\"196\"><strong>FG 39\/391<\/strong><br>(1982-2004)<\/a><\/p>\n<\/div><\/div>\n\n\n\n<div class=\"wp-block-media-text alignwide is-stacked-on-mobile\" style=\"grid-template-columns:27% auto\"><figure class=\"wp-block-media-text__media\"><a href=\"https:\/\/www.clubfinngulf.fi\/club\/finngulf-models\/fg-391-dh\/\"><img loading=\"lazy\" decoding=\"async\" width=\"980\" height=\"249\" src=\"https:\/\/www.clubfinngulf.fi\/club\/wp-content\/uploads\/2021\/08\/model_FG391DH.jpg\" alt=\"\" class=\"wp-image-238 size-full\" srcset=\"https:\/\/www.clubfinngulf.fi\/club\/wp-content\/uploads\/2021\/08\/model_FG391DH.jpg 980w, https:\/\/www.clubfinngulf.fi\/club\/wp-content\/uploads\/2021\/08\/model_FG391DH-300x76.jpg 300w, https:\/\/www.clubfinngulf.fi\/club\/wp-content\/uploads\/2021\/08\/model_FG391DH-768x195.jpg 768w\" sizes=\"auto, (max-width: 980px) 100vw, 980px\" \/><\/a><\/figure><div class=\"wp-block-media-text__content\">\n<p class=\"has-large-font-size\"><a href=\"https:\/\/www.clubfinngulf.fi\/club\/finngulf-models\/fg-391-dh\/\" data-type=\"page\" data-id=\"247\"><strong>FG 391 DH<\/strong><br>(1999-2002)<\/a><\/p>\n<\/div><\/div>\n\n\n\n<div class=\"wp-block-media-text alignwide is-stacked-on-mobile\" style=\"grid-template-columns:27% auto\"><figure class=\"wp-block-media-text__media\"><a href=\"https:\/\/www.clubfinngulf.fi\/club\/finngulf-models\/fg-41\/\"><img loading=\"lazy\" decoding=\"async\" width=\"980\" height=\"250\" src=\"https:\/\/www.clubfinngulf.fi\/club\/wp-content\/uploads\/2021\/08\/model_FG41.jpg\" alt=\"\" class=\"wp-image-239 size-full\" srcset=\"https:\/\/www.clubfinngulf.fi\/club\/wp-content\/uploads\/2021\/08\/model_FG41.jpg 980w, https:\/\/www.clubfinngulf.fi\/club\/wp-content\/uploads\/2021\/08\/model_FG41-300x77.jpg 300w, https:\/\/www.clubfinngulf.fi\/club\/wp-content\/uploads\/2021\/08\/model_FG41-768x196.jpg 768w\" sizes=\"auto, (max-width: 980px) 100vw, 980px\" \/><\/a><\/figure><div class=\"wp-block-media-text__content\">\n<p class=\"has-large-font-size\"><a href=\"https:\/\/www.clubfinngulf.fi\/club\/finngulf-models\/fg-41\/\" data-type=\"page\" data-id=\"194\"><strong>FG 41<\/strong><br>(2001-2011)<\/a><\/p>\n<\/div><\/div>\n\n\n\n<div class=\"wp-block-media-text alignwide is-stacked-on-mobile\" style=\"grid-template-columns:27% auto\"><figure class=\"wp-block-media-text__media\"><a href=\"https:\/\/www.clubfinngulf.fi\/club\/finngulf-models\/fg-43\/\"><img loading=\"lazy\" decoding=\"async\" width=\"980\" height=\"250\" src=\"https:\/\/www.clubfinngulf.fi\/club\/wp-content\/uploads\/2021\/08\/model_FG43.jpg\" alt=\"\" class=\"wp-image-240 size-full\" srcset=\"https:\/\/www.clubfinngulf.fi\/club\/wp-content\/uploads\/2021\/08\/model_FG43.jpg 980w, https:\/\/www.clubfinngulf.fi\/club\/wp-content\/uploads\/2021\/08\/model_FG43-300x77.jpg 300w, https:\/\/www.clubfinngulf.fi\/club\/wp-content\/uploads\/2021\/08\/model_FG43-768x196.jpg 768w\" sizes=\"auto, (max-width: 980px) 100vw, 980px\" \/><\/a><\/figure><div class=\"wp-block-media-text__content\">\n<p class=\"has-large-font-size\"><a href=\"https:\/\/www.clubfinngulf.fi\/club\/finngulf-models\/fg-43\/\" data-type=\"page\" data-id=\"200\"><strong>FG 43<\/strong><br>(2008-2011)<\/a><\/p>\n<\/div><\/div>\n\n\n\n<div class=\"wp-block-media-text alignwide is-stacked-on-mobile\" style=\"grid-template-columns:27% auto\"><figure class=\"wp-block-media-text__media\"><a href=\"https:\/\/www.clubfinngulf.fi\/club\/finngulf-models\/fg-44\/\"><img loading=\"lazy\" decoding=\"async\" width=\"980\" height=\"250\" src=\"https:\/\/www.clubfinngulf.fi\/club\/wp-content\/uploads\/2021\/08\/model_FG44.jpg\" alt=\"\" class=\"wp-image-271 size-full\" srcset=\"https:\/\/www.clubfinngulf.fi\/club\/wp-content\/uploads\/2021\/08\/model_FG44.jpg 980w, https:\/\/www.clubfinngulf.fi\/club\/wp-content\/uploads\/2021\/08\/model_FG44-300x77.jpg 300w, https:\/\/www.clubfinngulf.fi\/club\/wp-content\/uploads\/2021\/08\/model_FG44-768x196.jpg 768w\" sizes=\"auto, (max-width: 980px) 100vw, 980px\" \/><\/a><\/figure><div class=\"wp-block-media-text__content\">\n<p class=\"has-large-font-size\"><a href=\"https:\/\/www.clubfinngulf.fi\/club\/finngulf-models\/fg-44\/\" data-type=\"page\" data-id=\"198\"><strong>FG 44<\/strong><br>(1991-2005)<\/a><\/p>\n<\/div><\/div>\n\n\n\n<div class=\"wp-block-media-text alignwide is-stacked-on-mobile\" style=\"grid-template-columns:27% auto\"><figure class=\"wp-block-media-text__media\"><a href=\"https:\/\/www.clubfinngulf.fi\/club\/finngulf-models\/fg-46\/\"><img loading=\"lazy\" decoding=\"async\" width=\"980\" height=\"250\" src=\"https:\/\/www.clubfinngulf.fi\/club\/wp-content\/uploads\/2021\/08\/model_FG46.jpg\" alt=\"\" class=\"wp-image-241 size-full\" srcset=\"https:\/\/www.clubfinngulf.fi\/club\/wp-content\/uploads\/2021\/08\/model_FG46.jpg 980w, https:\/\/www.clubfinngulf.fi\/club\/wp-content\/uploads\/2021\/08\/model_FG46-300x77.jpg 300w, https:\/\/www.clubfinngulf.fi\/club\/wp-content\/uploads\/2021\/08\/model_FG46-768x196.jpg 768w\" sizes=\"auto, (max-width: 980px) 100vw, 980px\" \/><\/a><\/figure><div class=\"wp-block-media-text__content\">\n<p class=\"has-large-font-size\"><a href=\"https:\/\/www.clubfinngulf.fi\/club\/finngulf-models\/fg-46\/\" data-type=\"page\" data-id=\"202\"><strong>FG 46<\/strong><br>(2003-2011)<\/a><\/p>\n<\/div><\/div>\n\n\n\n<h2 class=\"has-primary-color has-text-color wp-block-heading\"><br><strong>Boat designers<\/strong><\/h2>\n\n\n\n<h3 class=\"wp-block-heading\">H\u00e5kan S\u00f6dergren<\/h3>\n\n\n\n<p><strong>H\u00e5kan S\u00f6dergren<\/strong> is a very well-known Swedish boat designer who gave a golden thumbprint for the start of Finngulf yachts at the beginning of the &#8217;80s. The first FG34, s\/y Matriarch L-2110 was a prototype for the World Championship in Helsinki in 1981. <\/p>\n\n\n\n<p>Mr S\u00f6dergren designed Finngulf\/Inferno models 28 (1985), 31 (1977), 32 (1994), 33 (1988), 34 (1981), 36 (1990), 37 (1983), 39 (1982) and 44 (1989).<\/p>\n\n\n\n<figure class=\"wp-block-image size-large\"><img loading=\"lazy\" decoding=\"async\" width=\"740\" height=\"391\" src=\"https:\/\/www.clubfinngulf.fi\/club\/wp-content\/uploads\/2021\/08\/image.png?w=740\" alt=\"\" class=\"wp-image-83\" srcset=\"https:\/\/www.clubfinngulf.fi\/club\/wp-content\/uploads\/2021\/08\/image.png 740w, https:\/\/www.clubfinngulf.fi\/club\/wp-content\/uploads\/2021\/08\/image-300x159.png 300w\" sizes=\"auto, (max-width: 740px) 100vw, 740px\" \/><\/figure>\n\n\n\n<p>Photo credit from the H\u00e5kan S\u00f6dergrens website: https:\/\/www.sodergrenyachts.se\/yacht-legacy <\/p>\n\n\n\n<h3 class=\"wp-block-heading\">Kamu Str\u00e5hlmann<\/h3>\n\n\n\n<p><strong>Karl-Johan \u201dKamu\u201d Str\u00e5hlmann <\/strong>is a naval architect and designer of <strong>Str\u00e5hlmann Yacht Design. <\/strong>He designed Finngulf models FG28e, 33, 331, 37, 41 and 46.<\/p>\n\n\n\n<figure class=\"wp-block-image\"><img decoding=\"async\" src=\"https:\/\/scontent.fhel1-1.fna.fbcdn.net\/v\/t1.6435-9\/39080090_10156163374438884_9127324336049356800_n.jpg?_nc_cat=104&amp;ccb=1-5&amp;_nc_sid=e3f864&amp;_nc_ohc=28pHt7MYKfMAX9_agj8&amp;_nc_ht=scontent.fhel1-1.fna&amp;oh=86c9622507f7d3265d0f2e074d3e0e26&amp;oe=614162D7\" alt=\"Kuvan kuvausta ei ole saatavilla.\"\/><\/figure>\n\n\n\n<p>Sisters Cara Mia and Luna in Vallisaari Island in Finland at August 2018 (photo Vesa Tuomala)<\/p>\n\n\n\n<h3 class=\"wp-block-heading\">Farr Yacht Design<\/h3>\n\n\n\n<p><strong>Farr Yacht Design<\/strong> was the last Finngulf designer for a 43 footer cruiser\/racer. The team of Farr&#8217;s architects designed a beautiful sailing boat for IRC and IMS racing &#8211; also for pleasure sailing. <\/p>\n\n\n\n<figure class=\"wp-block-image size-large\"><img loading=\"lazy\" decoding=\"async\" width=\"4000\" height=\"2248\" src=\"https:\/\/www.clubfinngulf.fi\/club\/wp-content\/uploads\/2021\/08\/image-1.png?w=1024\" alt=\"\" class=\"wp-image-97\" srcset=\"https:\/\/www.clubfinngulf.fi\/club\/wp-content\/uploads\/2021\/08\/image-1.png 4000w, https:\/\/www.clubfinngulf.fi\/club\/wp-content\/uploads\/2021\/08\/image-1-300x169.png 300w, https:\/\/www.clubfinngulf.fi\/club\/wp-content\/uploads\/2021\/08\/image-1-1024x575.png 1024w, https:\/\/www.clubfinngulf.fi\/club\/wp-content\/uploads\/2021\/08\/image-1-768x432.png 768w, https:\/\/www.clubfinngulf.fi\/club\/wp-content\/uploads\/2021\/08\/image-1-1536x863.png 1536w, https:\/\/www.clubfinngulf.fi\/club\/wp-content\/uploads\/2021\/08\/image-1-2048x1151.png 2048w, https:\/\/www.clubfinngulf.fi\/club\/wp-content\/uploads\/2021\/08\/image-1-1568x881.png 1568w\" sizes=\"auto, (max-width: 4000px) 100vw, 4000px\" \/><\/figure>\n\n\n\n<p><\/p>\n\n\n\n<p><strong>Finngulf yachts in SailboatData.com:<\/strong> <a rel=\"noreferrer noopener\" href=\"https:\/\/sailboatdata.com\/builder\/finngulf-yachts\" target=\"_blank\">https:\/\/sailboatdata.com\/builder\/finngulf-yachts<\/a> <\/p>\n","protected":false},"excerpt":{"rendered":"<p>FG 28e(1998-2005) FG 33 HS(1983-1990) FG 33\/331(2004-2011) FG 335 HS(1995-1999) FG 34 HS(1980-1984) FG 36(1986-2004) FG 37\/38 HS(1987-1995) FG 37(2004-2011) FG 39\/391(1982-2004) FG 391 DH(1999-2002) FG 41(2001-2011) FG 43(2008-2011) FG 44(1991-2005) FG 46(2003-2011) Boat designers H\u00e5kan S\u00f6dergren H\u00e5kan S\u00f6dergren is a very well-known Swedish boat designer who gave a golden thumbprint for the start of&hellip; <a class=\"more-link\" href=\"https:\/\/www.clubfinngulf.fi\/club\/finngulf-models\/\">Continue reading <span class=\"screen-reader-text\">Finngulf models<\/span><\/a><\/p>\n","protected":false},"author":2,"featured_media":0,"parent":0,"menu_order":0,"comment_status":"closed","ping_status":"closed","template":"","meta":{"iawp_total_views":790,"footnotes":""},"class_list":["post-58","page","type-page","status-publish","hentry","entry"],"_links":{"self":[{"href":"https:\/\/www.clubfinngulf.fi\/club\/wp-json\/wp\/v2\/pages\/58","targetHints":{"allow":["GET"]}}],"collection":[{"href":"https:\/\/www.clubfinngulf.fi\/club\/wp-json\/wp\/v2\/pages"}],"about":[{"href":"https:\/\/www.clubfinngulf.fi\/club\/wp-json\/wp\/v2\/types\/page"}],"author":[{"embeddable":true,"href":"https:\/\/www.clubfinngulf.fi\/club\/wp-json\/wp\/v2\/users\/2"}],"replies":[{"embeddable":true,"href":"https:\/\/www.clubfinngulf.fi\/club\/wp-json\/wp\/v2\/comments?post=58"}],"version-history":[{"count":25,"href":"https:\/\/www.clubfinngulf.fi\/club\/wp-json\/wp\/v2\/pages\/58\/revisions"}],"predecessor-version":[{"id":272,"href":"https:\/\/www.clubfinngulf.fi\/club\/wp-json\/wp\/v2\/pages\/58\/revisions\/272"}],"wp:attachment":[{"href":"https:\/\/www.clubfinngulf.fi\/club\/wp-json\/wp\/v2\/media?parent=58"}],"curies":[{"name":"wp","href":"https:\/\/api.w.org\/{rel}","templated":true}]}}